ors of 580745544.
2, 3, 1709, 14159
What are the prime factors of 65311763?
11, 5937433
What are the prime factors of 21002719?
173, 121403
What are the prime factors of 747730126?
2, 11, 13, 97, 26953
What are the prime factors of 128526086?
2, 13, 17, 29, 37, 271
What are the prime factors of 440442282?
2, 3, 7, 757, 1979
List the prime factors of 123393469.
123393469
List the prime factors of 152482182.
2, 3, 19, 1337563
List the prime factors of 803720485.
5, 1033, 155609
List the prime factors of 41453386.
2, 13, 31, 51431
What are the prime factors of 3156332765?
5, 2267, 278459
What are the prime factors of 4154782032?
2, 3, 313, 30727
List the prime factors of 53315098.
2, 43, 61, 10163
List the prime factors of 24650571.
3, 11, 181, 4127
List the prime factors of 38951680.
2, 5, 30431
What are the prime factors of 189783598?
2, 29, 1747, 1873
What are the prime factors of 1443530943?
3, 53464109
List the prime factors of 55325083.
11, 809, 6217
What are the prime factors of 303797780?
2, 5, 11, 13, 8171
What are the prime factors of 16967688?
2, 3, 706987
List the prime factors of 69870539.
69870539
What are the prime factors of 21184949?
359, 59011
List the prime factors of 390464768.
2, 43, 79, 449
List the prime factors of 446840909.
991, 450899
List the prime factors of 3038369590.
2, 5, 127, 173, 13829
List the prime factors of 98475032.
2, 12309379
What are the prime factors of 2220857163?
3, 7, 43, 273269
List the prime factors of 82144188.
2, 3, 7, 46567
List the prime factors of 6755891.
151, 44741
List the prime factors of 1156171420.
2, 5, 29, 139, 14341
What are the prime factors of 20453053?
20453053
What are the prime factors of 40266579?
3, 101, 132893
What are the prime factors of 37740160?
2, 5, 109, 541
What are the prime factors of 32540925?
3, 5, 137, 3167
What are the prime factors of 554202426?
2, 3, 67, 1378613
List the prime factors of 91024941.
3, 7, 73, 59377
What are the prime factors of 16010601?
3, 31, 172157
What are the prime factors of 54588019?
179, 304961
What are the prime factors of 68324715?
3, 5, 73, 2311
What are the prime factors of 5400782639?
7, 89, 8668993
What are the prime factors of 2663730693?
3, 13, 22766929
List the prime factors of 84272403.
3, 769, 36529
What are the prime factors of 284079294?
2, 3, 1283, 12301
What are the prime factors of 1069116386?
2, 13, 41119861
What are the prime factors of 510954478?
2, 255477239
List the prime factors of 744413776.
2, 5701, 8161
What are the prime factors of 127530043?
10111, 12613
List the prime factors of 5634833719.
17, 29, 73, 5399
List the prime factors of 91039824.
2, 3, 632221
List the prime factors of 105243452.
2, 4201, 6263
What are the prime factors of 9373531?
9373531
What are the prime factors of 444335476?
2, 13, 107, 6143
List the prime factors of 107983661.
631, 171131
What are the prime factors of 63485535?
3, 5, 191, 22159
What are the prime factors of 1226201665?
5, 13, 18864641
What are the prime factors of 269803030?
2, 5, 7, 47, 82007
List the prime factors of 10151463.
3, 7, 157, 3079
List the prime factors of 1703010449.
7, 12491, 19477
List the prime factors of 1137696795.
3, 5, 43, 397, 1481
List the prime factors of 397484457.
3, 132494819
List the prime factors of 187189993.
37, 5059189
List the prime factors of 3835835960.
2, 5, 11, 8717809
List the prime factors of 453139760.
2, 5, 17, 67, 4973
List the prime factors of 3541845640.
2, 5, 331, 267511
What are the prime factors of 707986768?
2, 44249173
What are the prime factors of 60657537?
3, 1709, 11831
List the prime factors of 27299229.
3, 17, 23, 37
What are the prime factors of 83830964?
2, 7, 19, 22511
What are the prime factors of 220419093?
3, 17, 1543, 2801
What are the prime factors of 1804722438?
2, 3, 359, 837847
List the prime factors of 259303786.
2, 7, 71, 83, 449
What are the prime factors of 881692319?
9397, 93827
List the prime factors of 2389956855.
3, 5, 11, 13, 73, 15263
What are the prime factors of 66817132?
2, 16704283
List the prime factors of 73070463.
3, 24356821
List the prime factors of 6685141851.
3, 59, 12589721
What are the prime factors of 1134322?
2, 7, 81023
List the prime factors of 7593902.
2, 3796951
What are the prime factors of 84544164?
2, 3, 29, 47, 1723
What are the prime factors of 2717344168?
2, 7, 11, 1201, 3673
List the prime factors of 22875455.
5, 17, 23, 11701
What are the prime factors of 2890236848?
2, 467, 386809
What are the prime factors of 610669393?
17, 2521, 14249
List the prime factors of 622096585.
5, 11, 139, 81373
List the prime factors of 11050806.
2, 3, 13, 141677
What are the prime factors of 1632316079?
1632316079
List the prime factors of 48463690.
2, 5, 11, 440579
List the prime factors of 5492588303.
59, 93094717
List the prime factors of 55010055.
3, 5, 149, 151, 163
What are the prime factors of 20364878?
2, 17, 598967
What are the prime factors of 32284218?
2, 3, 67, 80309
List the prime factors of 2551654545.
3, 5, 11, 15464573
What are the prime factors of 796208015?
5, 19, 2347, 3571
What are the prime factors of 1004391426?
2, 3, 5569, 30059
List the prime factors of 1001985814.
2, 17, 29470171
List the prime factors of 1795285288.
2, 37, 6065153
List the prime factors of 1663525078.
2, 831762539
What are the prime factors of 3573759930?
2, 3, 5, 13, 181, 50627
What are the prime factors of 69256475?
5, 2770259
List the prime factors of 283625486.
2, 587, 241589
List the prime factors of 240803743.
12323, 19541
List the prime factors of 13536801.
3, 31, 599
List the prime factors of 408297769.
11, 107, 263, 1319
What are the prime factors of 2617097?
7, 461, 811
List the prime factors of 57620876.
2, 269, 53551
List the prime factors of 1668230818.
2, 19, 157, 14717
List the prime factors of 20024437.
37, 541201
What are the prime factors of 22360367?
22360367
What are the prime factors of 206873211?
3, 29, 967, 2459
List the prime factors of 407561926.
2, 203780963
What are the prime factors of 405153314?
2, 202576657
What are the prime factors of 671741711?
193, 997, 3491
What are the prime factors of 1286472127?
17, 53, 61, 89, 263
List the prime factors of 3287906509.
19, 239, 499, 1451
List the prime factors of 1721260868.
2, 37, 73, 313, 509
What are the prime factors of 31970052?
2, 3, 31, 1061
What are the prime factors of 1546779105?
3, 5, 59, 194197
List the prime factors of 309670263.
3, 7, 47, 71, 491
List the prime factors of 40694097.
3, 13564699
List the prime factors of 1545056568.
2, 3, 11, 47, 41507
What are the prime factors of 79704886?
2, 19, 43, 48779
What are the prime factors of 1981387868?
2, 19, 439, 59387
List the prime factors of 363550974.
2, 3, 37, 1637617
List the prime factors of 2729903677.
67, 40744831
What are the prime factors of 516411421?
61, 8465761
List the prime factors of 45624156.
2, 3, 131, 29023
What are the prime factors of 80553451?
11, 60521
List the prime factors of 497184372.
2, 3, 4603559
List the prime factors of 106757998.
2, 19, 409, 6869
What are the prime factors of 196175476?
2, 7, 457, 15331
List the prime factors of 4731229634.
2, 19, 124506043
What are the prime factors of 143002375?
5, 1144019
What are the prime factors of 74659563?
3, 11, 17, 31, 53
List the prime factors of 326341041.
3, 13, 8367719
List the prime factors of 159132457.
11, 14466587
What are the prime factors of 17986438?
2, 29, 310111
List the prime factors of 8812.
2, 2203
List the prime factors of 25361722.
2, 17, 745933
What are the prime factors of 182438989?
3539, 51551
What are the prime factors of 185569889?
487, 381047
List the prime factors of 14784052.
2, 19, 194527
What are the prime factors of 5998093792?
2, 661, 283571
List the prime factors of 277320732.
2, 3, 13, 19, 93563
What are the prime factors of 200247338?
2, 23, 4353203
What are the prime factors of 8081006129?
7, 199, 2089, 2777
List the prime factors of 1846673017.
7, 1439, 183329
List the prime factors of 620390475.
3, 5, 29, 41, 773
What are the prime factors of 45775472?
2, 67, 42701
What are the prime factors of 57500138?
2, 23, 1250003
What are the prime factors of 73503182?
2, 36751591
List the prime factors of 181339587.
3, 11, 13, 67, 701
List the prime factors of 169095